{"id":1457,"date":"2025-12-06T18:55:34","date_gmt":"2025-12-06T17:55:34","guid":{"rendered":"https:\/\/bovolley.com\/site1\/?page_id=1457"},"modified":"2025-12-15T22:29:32","modified_gmt":"2025-12-15T21:29:32","slug":"boutique-club","status":"publish","type":"page","link":"https:\/\/bovolley.com\/site1\/index.php\/boutique-club\/","title":{"rendered":"Boutique Club"},"content":{"rendered":"\n<p class=\"has-text-align-center\"><strong>Bienvenue sur la Boutique du BOVOLLEY. Choisissez vos produits puis cliquez sur commander pour choisir votre taille (Hommes : De XS \u00e0 4XL ; Femmes : De XS \u00e0 2XL ; Enfants de 4 \u00e0 14 ans)<\/strong><\/p>\n\n\n\n<p><iframe id=\"haWidget\" allowtransparency=\"true\" src=\"https:\/\/www.helloasso.com\/associations\/biscarrosse-olympique-volleyball\/boutiques\/boutique-du-club\/widget\" style=\"width: 100%; border: none;\" onload=\"window.addEventListener( 'message', function(e) { const dataHeight = e.data.height; const haWidgetElement = document.getElementById('haWidget'); haWidgetElement.height = dataHeight + 'px'; } )\"><\/iframe><\/p>\n\n\n\n<figure class=\"wp-block-gallery has-nested-images columns-4 is-cropped wp-block-gallery-1 is-layout-flex wp-block-gallery-is-layout-flex\" style=\"border-style:none;border-width:0px;border-radius:0px;padding-top:var(--wp--preset--spacing--20);padding-right:var(--wp--preset--spacing--40);padding-bottom:var(--wp--preset--spacing--20);padding-left:var(--wp--preset--spacing--40)\">\n<figure class=\"wp-block-image size-medium\"><img loading=\"lazy\" decoding=\"async\" width=\"220\" height=\"300\" data-id=\"1487\" src=\"https:\/\/bovolley.com\/site1\/wp-content\/uploads\/2025\/12\/Capture-decran-2025-12-14-a-01.08.21-220x300.png\" alt=\"\" class=\"wp-image-1487\" srcset=\"https:\/\/bovolley.com\/site1\/wp-content\/uploads\/2025\/12\/Capture-decran-2025-12-14-a-01.08.21-220x300.png 220w, https:\/\/bovolley.com\/site1\/wp-content\/uploads\/2025\/12\/Capture-decran-2025-12-14-a-01.08.21.png 650w\" sizes=\"auto, (max-width: 220px) 100vw, 220px\" \/><\/figure>\n\n\n\n<figure class=\"wp-block-image size-medium\"><img loading=\"lazy\" decoding=\"async\" width=\"210\" height=\"300\" data-id=\"1488\" src=\"https:\/\/bovolley.com\/site1\/wp-content\/uploads\/2025\/12\/Capture-decran-2025-12-14-a-01.08.28-210x300.png\" alt=\"\" class=\"wp-image-1488\" srcset=\"https:\/\/bovolley.com\/site1\/wp-content\/uploads\/2025\/12\/Capture-decran-2025-12-14-a-01.08.28-210x300.png 210w, https:\/\/bovolley.com\/site1\/wp-content\/uploads\/2025\/12\/Capture-decran-2025-12-14-a-01.08.28.png 674w\" sizes=\"auto, (max-width: 210px) 100vw, 210px\" \/><\/figure>\n\n\n\n<figure class=\"wp-block-image size-large\"><img loading=\"lazy\" decoding=\"async\" width=\"678\" height=\"1024\" data-id=\"1485\" src=\"https:\/\/bovolley.com\/site1\/wp-content\/uploads\/2025\/12\/Capture-decran-2025-12-14-a-01.09.08-678x1024.png\" alt=\"\" class=\"wp-image-1485\" srcset=\"https:\/\/bovolley.com\/site1\/wp-content\/uploads\/2025\/12\/Capture-decran-2025-12-14-a-01.09.08-678x1024.png 678w, https:\/\/bovolley.com\/site1\/wp-content\/uploads\/2025\/12\/Capture-decran-2025-12-14-a-01.09.08-199x300.png 199w, https:\/\/bovolley.com\/site1\/wp-content\/uploads\/2025\/12\/Capture-decran-2025-12-14-a-01.09.08.png 682w\" sizes=\"auto, (max-width: 678px) 100vw, 678px\" \/><\/figure>\n\n\n\n<figure class=\"wp-block-image size-medium\"><img loading=\"lazy\" decoding=\"async\" width=\"209\" height=\"300\" data-id=\"1490\" src=\"https:\/\/bovolley.com\/site1\/wp-content\/uploads\/2025\/12\/Capture-decran-2025-12-14-a-01.09.19-209x300.png\" alt=\"\" class=\"wp-image-1490\" srcset=\"https:\/\/bovolley.com\/site1\/wp-content\/uploads\/2025\/12\/Capture-decran-2025-12-14-a-01.09.19-209x300.png 209w, https:\/\/bovolley.com\/site1\/wp-content\/uploads\/2025\/12\/Capture-decran-2025-12-14-a-01.09.19.png 674w\" sizes=\"auto, (max-width: 209px) 100vw, 209px\" \/><\/figure>\n\n\n\n<figure class=\"wp-block-image size-medium\"><img loading=\"lazy\" decoding=\"async\" width=\"207\" height=\"300\" data-id=\"1489\" src=\"https:\/\/bovolley.com\/site1\/wp-content\/uploads\/2025\/12\/Capture-decran-2025-12-14-a-01.09.53-207x300.png\" alt=\"\" class=\"wp-image-1489\" srcset=\"https:\/\/bovolley.com\/site1\/wp-content\/uploads\/2025\/12\/Capture-decran-2025-12-14-a-01.09.53-207x300.png 207w, https:\/\/bovolley.com\/site1\/wp-content\/uploads\/2025\/12\/Capture-decran-2025-12-14-a-01.09.53.png 652w\" sizes=\"auto, (max-width: 207px) 100vw, 207px\" \/><\/figure>\n\n\n\n<figure class=\"wp-block-image size-medium\"><img loading=\"lazy\" decoding=\"async\" width=\"206\" height=\"300\" data-id=\"1486\" src=\"https:\/\/bovolley.com\/site1\/wp-content\/uploads\/2025\/12\/Capture-decran-2025-12-14-a-01.09.58-206x300.png\" alt=\"\" class=\"wp-image-1486\" srcset=\"https:\/\/bovolley.com\/site1\/wp-content\/uploads\/2025\/12\/Capture-decran-2025-12-14-a-01.09.58-206x300.png 206w, https:\/\/bovolley.com\/site1\/wp-content\/uploads\/2025\/12\/Capture-decran-2025-12-14-a-01.09.58.png 660w\" sizes=\"auto, (max-width: 206px) 100vw, 206px\" \/><\/figure>\n\n\n\n<figure class=\"wp-block-image size-medium\"><img loading=\"lazy\" decoding=\"async\" width=\"198\" height=\"300\" data-id=\"1491\" src=\"https:\/\/bovolley.com\/site1\/wp-content\/uploads\/2025\/12\/Capture-decran-2025-12-14-a-01.10.33-198x300.png\" alt=\"\" class=\"wp-image-1491\" srcset=\"https:\/\/bovolley.com\/site1\/wp-content\/uploads\/2025\/12\/Capture-decran-2025-12-14-a-01.10.33-198x300.png 198w, https:\/\/bovolley.com\/site1\/wp-content\/uploads\/2025\/12\/Capture-decran-2025-12-14-a-01.10.33.png 660w\" sizes=\"auto, (max-width: 198px) 100vw, 198px\" \/><\/figure>\n\n\n\n<figure class=\"wp-block-image size-medium\"><img loading=\"lazy\" decoding=\"async\" width=\"213\" height=\"300\" data-id=\"1494\" src=\"https:\/\/bovolley.com\/site1\/wp-content\/uploads\/2025\/12\/Capture-decran-2025-12-14-a-01.10.47-213x300.png\" alt=\"\" class=\"wp-image-1494\" srcset=\"https:\/\/bovolley.com\/site1\/wp-content\/uploads\/2025\/12\/Capture-decran-2025-12-14-a-01.10.47-213x300.png 213w, https:\/\/bovolley.com\/site1\/wp-content\/uploads\/2025\/12\/Capture-decran-2025-12-14-a-01.10.47.png 666w\" sizes=\"auto, (max-width: 213px) 100vw, 213px\" \/><\/figure>\n\n\n\n<figure class=\"wp-block-image size-medium\"><img loading=\"lazy\" decoding=\"async\" width=\"219\" height=\"300\" data-id=\"1495\" src=\"https:\/\/bovolley.com\/site1\/wp-content\/uploads\/2025\/12\/Capture-decran-2025-12-14-a-01.11.29-219x300.png\" alt=\"\" class=\"wp-image-1495\" srcset=\"https:\/\/bovolley.com\/site1\/wp-content\/uploads\/2025\/12\/Capture-decran-2025-12-14-a-01.11.29-219x300.png 219w, https:\/\/bovolley.com\/site1\/wp-content\/uploads\/2025\/12\/Capture-decran-2025-12-14-a-01.11.29.png 628w\" sizes=\"auto, (max-width: 219px) 100vw, 219px\" \/><\/figure>\n\n\n\n<figure class=\"wp-block-image size-medium\"><img loading=\"lazy\" decoding=\"async\" width=\"228\" height=\"300\" data-id=\"1496\" src=\"https:\/\/bovolley.com\/site1\/wp-content\/uploads\/2025\/12\/Capture-decran-2025-12-14-a-01.11.36-228x300.png\" alt=\"\" class=\"wp-image-1496\" srcset=\"https:\/\/bovolley.com\/site1\/wp-content\/uploads\/2025\/12\/Capture-decran-2025-12-14-a-01.11.36-228x300.png 228w, https:\/\/bovolley.com\/site1\/wp-content\/uploads\/2025\/12\/Capture-decran-2025-12-14-a-01.11.36.png 658w\" sizes=\"auto, (max-width: 228px) 100vw, 228px\" \/><\/figure>\n\n\n\n<figure class=\"wp-block-image size-medium\"><img loading=\"lazy\" decoding=\"async\" width=\"195\" height=\"300\" data-id=\"1492\" src=\"https:\/\/bovolley.com\/site1\/wp-content\/uploads\/2025\/12\/Capture-decran-2025-12-14-a-01.10.08-195x300.png\" alt=\"\" class=\"wp-image-1492\" srcset=\"https:\/\/bovolley.com\/site1\/wp-content\/uploads\/2025\/12\/Capture-decran-2025-12-14-a-01.10.08-195x300.png 195w, https:\/\/bovolley.com\/site1\/wp-content\/uploads\/2025\/12\/Capture-decran-2025-12-14-a-01.10.08.png 598w\" sizes=\"auto, (max-width: 195px) 100vw, 195px\" \/><\/figure>\n\n\n\n<figure class=\"wp-block-image size-medium\"><img loading=\"lazy\" decoding=\"async\" width=\"216\" height=\"300\" data-id=\"1493\" src=\"https:\/\/bovolley.com\/site1\/wp-content\/uploads\/2025\/12\/Capture-decran-2025-12-14-a-01.10.13-216x300.png\" alt=\"\" class=\"wp-image-1493\" srcset=\"https:\/\/bovolley.com\/site1\/wp-content\/uploads\/2025\/12\/Capture-decran-2025-12-14-a-01.10.13-216x300.png 216w, https:\/\/bovolley.com\/site1\/wp-content\/uploads\/2025\/12\/Capture-decran-2025-12-14-a-01.10.13.png 680w\" sizes=\"auto, (max-width: 216px) 100vw, 216px\" \/><\/figure>\n\n\n\n<figure class=\"wp-block-image size-medium\"><img loading=\"lazy\" decoding=\"async\" width=\"212\" height=\"300\" data-id=\"1501\" src=\"https:\/\/bovolley.com\/site1\/wp-content\/uploads\/2025\/12\/Capture-decran-2025-12-14-a-01.10.19-212x300.png\" alt=\"\" class=\"wp-image-1501\" srcset=\"https:\/\/bovolley.com\/site1\/wp-content\/uploads\/2025\/12\/Capture-decran-2025-12-14-a-01.10.19-212x300.png 212w, https:\/\/bovolley.com\/site1\/wp-content\/uploads\/2025\/12\/Capture-decran-2025-12-14-a-01.10.19.png 586w\" sizes=\"auto, (max-width: 212px) 100vw, 212px\" \/><\/figure>\n\n\n\n<figure class=\"wp-block-image size-large\"><img loading=\"lazy\" decoding=\"async\" width=\"1024\" height=\"722\" data-id=\"1502\" src=\"https:\/\/bovolley.com\/site1\/wp-content\/uploads\/2025\/12\/Capture-decran-2025-12-14-a-01.10.26-1024x722.png\" alt=\"\" class=\"wp-image-1502\" srcset=\"https:\/\/bovolley.com\/site1\/wp-content\/uploads\/2025\/12\/Capture-decran-2025-12-14-a-01.10.26-1024x722.png 1024w, https:\/\/bovolley.com\/site1\/wp-content\/uploads\/2025\/12\/Capture-decran-2025-12-14-a-01.10.26-300x211.png 300w, https:\/\/bovolley.com\/site1\/wp-content\/uploads\/2025\/12\/Capture-decran-2025-12-14-a-01.10.26-768x541.png 768w, https:\/\/bovolley.com\/site1\/wp-content\/uploads\/2025\/12\/Capture-decran-2025-12-14-a-01.10.26.png 1288w\" sizes=\"auto, (max-width: 1024px) 100vw, 1024px\" \/><\/figure>\n\n\n\n<figure class=\"wp-block-image size-medium\"><img loading=\"lazy\" decoding=\"async\" width=\"228\" height=\"300\" data-id=\"1498\" src=\"https:\/\/bovolley.com\/site1\/wp-content\/uploads\/2025\/12\/Capture-decran-2025-12-14-a-01.10.55-228x300.png\" alt=\"\" class=\"wp-image-1498\" srcset=\"https:\/\/bovolley.com\/site1\/wp-content\/uploads\/2025\/12\/Capture-decran-2025-12-14-a-01.10.55-228x300.png 228w, https:\/\/bovolley.com\/site1\/wp-content\/uploads\/2025\/12\/Capture-decran-2025-12-14-a-01.10.55.png 636w\" sizes=\"auto, (max-width: 228px) 100vw, 228px\" \/><\/figure>\n\n\n\n<figure class=\"wp-block-image size-medium\"><img loading=\"lazy\" decoding=\"async\" width=\"216\" height=\"300\" data-id=\"1500\" src=\"https:\/\/bovolley.com\/site1\/wp-content\/uploads\/2025\/12\/Capture-decran-2025-12-14-a-01.11.06-216x300.png\" alt=\"\" class=\"wp-image-1500\" srcset=\"https:\/\/bovolley.com\/site1\/wp-content\/uploads\/2025\/12\/Capture-decran-2025-12-14-a-01.11.06-216x300.png 216w, https:\/\/bovolley.com\/site1\/wp-content\/uploads\/2025\/12\/Capture-decran-2025-12-14-a-01.11.06.png 468w\" sizes=\"auto, (max-width: 216px) 100vw, 216px\" \/><\/figure>\n\n\n\n<figure class=\"wp-block-image size-medium\"><img loading=\"lazy\" decoding=\"async\" width=\"211\" height=\"300\" data-id=\"1497\" src=\"https:\/\/bovolley.com\/site1\/wp-content\/uploads\/2025\/12\/Capture-decran-2025-12-14-a-01.11.15-211x300.png\" alt=\"\" class=\"wp-image-1497\" srcset=\"https:\/\/bovolley.com\/site1\/wp-content\/uploads\/2025\/12\/Capture-decran-2025-12-14-a-01.11.15-211x300.png 211w, https:\/\/bovolley.com\/site1\/wp-content\/uploads\/2025\/12\/Capture-decran-2025-12-14-a-01.11.15.png 626w\" sizes=\"auto, (max-width: 211px) 100vw, 211px\" \/><\/figure>\n\n\n\n<figure class=\"wp-block-image size-medium\"><img loading=\"lazy\" decoding=\"async\" width=\"241\" height=\"300\" data-id=\"1499\" src=\"https:\/\/bovolley.com\/site1\/wp-content\/uploads\/2025\/12\/Capture-decran-2025-12-14-a-01.11.19-241x300.png\" alt=\"\" class=\"wp-image-1499\" srcset=\"https:\/\/bovolley.com\/site1\/wp-content\/uploads\/2025\/12\/Capture-decran-2025-12-14-a-01.11.19-241x300.png 241w, https:\/\/bovolley.com\/site1\/wp-content\/uploads\/2025\/12\/Capture-decran-2025-12-14-a-01.11.19.png 534w\" sizes=\"auto, (max-width: 241px) 100vw, 241px\" \/><\/figure>\n\n\n\n<figure class=\"wp-block-image size-medium\"><img loading=\"lazy\" decoding=\"async\" width=\"212\" height=\"300\" data-id=\"1504\" src=\"https:\/\/bovolley.com\/site1\/wp-content\/uploads\/2025\/12\/Capture-decran-2025-12-14-a-01.08.33-212x300.png\" alt=\"\" class=\"wp-image-1504\" srcset=\"https:\/\/bovolley.com\/site1\/wp-content\/uploads\/2025\/12\/Capture-decran-2025-12-14-a-01.08.33-212x300.png 212w, https:\/\/bovolley.com\/site1\/wp-content\/uploads\/2025\/12\/Capture-decran-2025-12-14-a-01.08.33.png 590w\" sizes=\"auto, (max-width: 212px) 100vw, 212px\" \/><\/figure>\n\n\n\n<figure class=\"wp-block-image size-medium\"><img loading=\"lazy\" decoding=\"async\" width=\"202\" height=\"300\" data-id=\"1505\" src=\"https:\/\/bovolley.com\/site1\/wp-content\/uploads\/2025\/12\/Capture-decran-2025-12-14-a-01.08.39-202x300.png\" alt=\"\" class=\"wp-image-1505\" srcset=\"https:\/\/bovolley.com\/site1\/wp-content\/uploads\/2025\/12\/Capture-decran-2025-12-14-a-01.08.39-202x300.png 202w, https:\/\/bovolley.com\/site1\/wp-content\/uploads\/2025\/12\/Capture-decran-2025-12-14-a-01.08.39.png 602w\" sizes=\"auto, (max-width: 202px) 100vw, 202px\" \/><\/figure>\n\n\n\n<figure class=\"wp-block-image size-medium\"><img loading=\"lazy\" decoding=\"async\" width=\"202\" height=\"300\" data-id=\"1506\" src=\"https:\/\/bovolley.com\/site1\/wp-content\/uploads\/2025\/12\/Capture-decran-2025-12-14-a-01.08.51-202x300.png\" alt=\"\" class=\"wp-image-1506\" srcset=\"https:\/\/bovolley.com\/site1\/wp-content\/uploads\/2025\/12\/Capture-decran-2025-12-14-a-01.08.51-202x300.png 202w, https:\/\/bovolley.com\/site1\/wp-content\/uploads\/2025\/12\/Capture-decran-2025-12-14-a-01.08.51.png 630w\" sizes=\"auto, (max-width: 202px) 100vw, 202px\" \/><\/figure>\n\n\n\n<figure class=\"wp-block-image size-medium\"><img loading=\"lazy\" decoding=\"async\" width=\"205\" height=\"300\" data-id=\"1503\" src=\"https:\/\/bovolley.com\/site1\/wp-content\/uploads\/2025\/12\/Capture-decran-2025-12-14-a-01.08.57-205x300.png\" alt=\"\" class=\"wp-image-1503\" srcset=\"https:\/\/bovolley.com\/site1\/wp-content\/uploads\/2025\/12\/Capture-decran-2025-12-14-a-01.08.57-205x300.png 205w, https:\/\/bovolley.com\/site1\/wp-content\/uploads\/2025\/12\/Capture-decran-2025-12-14-a-01.08.57.png 674w\" sizes=\"auto, (max-width: 205px) 100vw, 205px\" \/><\/figure>\n\n\n\n<figure class=\"wp-block-image size-medium\"><img loading=\"lazy\" decoding=\"async\" width=\"204\" height=\"300\" data-id=\"1507\" src=\"https:\/\/bovolley.com\/site1\/wp-content\/uploads\/2025\/12\/Capture-decran-2025-12-14-a-01.09.26-204x300.png\" alt=\"\" class=\"wp-image-1507\" srcset=\"https:\/\/bovolley.com\/site1\/wp-content\/uploads\/2025\/12\/Capture-decran-2025-12-14-a-01.09.26-204x300.png 204w, https:\/\/bovolley.com\/site1\/wp-content\/uploads\/2025\/12\/Capture-decran-2025-12-14-a-01.09.26.png 656w\" sizes=\"auto, (max-width: 204px) 100vw, 204px\" \/><\/figure>\n\n\n\n<figure class=\"wp-block-image size-medium\"><img loading=\"lazy\" decoding=\"async\" width=\"223\" height=\"300\" data-id=\"1508\" src=\"https:\/\/bovolley.com\/site1\/wp-content\/uploads\/2025\/12\/Capture-decran-2025-12-14-a-01.09.32-223x300.png\" alt=\"\" class=\"wp-image-1508\" srcset=\"https:\/\/bovolley.com\/site1\/wp-content\/uploads\/2025\/12\/Capture-decran-2025-12-14-a-01.09.32-223x300.png 223w, https:\/\/bovolley.com\/site1\/wp-content\/uploads\/2025\/12\/Capture-decran-2025-12-14-a-01.09.32.png 674w\" sizes=\"auto, (max-width: 223px) 100vw, 223px\" \/><\/figure>\n\n\n\n<figure class=\"wp-block-image size-large\"><img loading=\"lazy\" decoding=\"async\" width=\"1024\" height=\"709\" data-id=\"1509\" src=\"https:\/\/bovolley.com\/site1\/wp-content\/uploads\/2025\/12\/Capture-decran-2025-12-14-a-01.09.38-1024x709.png\" alt=\"\" class=\"wp-image-1509\" srcset=\"https:\/\/bovolley.com\/site1\/wp-content\/uploads\/2025\/12\/Capture-decran-2025-12-14-a-01.09.38-1024x709.png 1024w, https:\/\/bovolley.com\/site1\/wp-content\/uploads\/2025\/12\/Capture-decran-2025-12-14-a-01.09.38-300x208.png 300w, https:\/\/bovolley.com\/site1\/wp-content\/uploads\/2025\/12\/Capture-decran-2025-12-14-a-01.09.38-768x532.png 768w, https:\/\/bovolley.com\/site1\/wp-content\/uploads\/2025\/12\/Capture-decran-2025-12-14-a-01.09.38.png 1294w\" sizes=\"auto, (max-width: 1024px) 100vw, 1024px\" \/><\/figure>\n<\/figure>\n\n\n\n<figure class=\"wp-block-table is-style-stripes has-small-font-size\"><table class=\"has-nv-site-bg-color has-neve-link-color-background-color has-text-color has-background has-link-color\" style=\"border-style:none;border-width:0px\"><tbody><tr><td><\/td><td><\/td><td><\/td><\/tr><tr><td><\/td><td>Merci \u00e0 notre photographe <strong>@Baptmalle<\/strong> de notre \u00e9quipe fanion, nos mod\u00e8les M18 : Miassa et Jules pour leur premier shooting et aux assistants : Najwa M18 et Nico<\/td><td><\/td><\/tr><\/tbody><\/table><\/figure>\n\n\n<div class=\"wp-block-image\">\n<figure class=\"aligncenter size-large is-resized\"><img loading=\"lazy\" decoding=\"async\" width=\"845\" height=\"1024\" src=\"https:\/\/bovolley.com\/site1\/wp-content\/uploads\/2025\/12\/Capture-decran-2025-12-15-a-22.15.27-845x1024.png\" alt=\"\" class=\"wp-image-1568\" style=\"width:394px;height:auto\" srcset=\"https:\/\/bovolley.com\/site1\/wp-content\/uploads\/2025\/12\/Capture-decran-2025-12-15-a-22.15.27-845x1024.png 845w, https:\/\/bovolley.com\/site1\/wp-content\/uploads\/2025\/12\/Capture-decran-2025-12-15-a-22.15.27-248x300.png 248w, https:\/\/bovolley.com\/site1\/wp-content\/uploads\/2025\/12\/Capture-decran-2025-12-15-a-22.15.27-768x931.png 768w, https:\/\/bovolley.com\/site1\/wp-content\/uploads\/2025\/12\/Capture-decran-2025-12-15-a-22.15.27.png 1066w\" sizes=\"auto, (max-width: 845px) 100vw, 845px\" \/><\/figure><\/div>\n\n\n<hr class=\"wp-block-separator has-alpha-channel-opacity\"\/>\n\n\n\n<figure class=\"wp-block-image size-large\"><img loading=\"lazy\" decoding=\"async\" width=\"1024\" height=\"583\" src=\"https:\/\/bovolley.com\/site1\/wp-content\/uploads\/2025\/12\/Capture-decran-2025-12-13-a-22.57.04-1024x583.png\" alt=\"\" class=\"wp-image-1479\" srcset=\"https:\/\/bovolley.com\/site1\/wp-content\/uploads\/2025\/12\/Capture-decran-2025-12-13-a-22.57.04-1024x583.png 1024w, https:\/\/bovolley.com\/site1\/wp-content\/uploads\/2025\/12\/Capture-decran-2025-12-13-a-22.57.04-300x171.png 300w, https:\/\/bovolley.com\/site1\/wp-content\/uploads\/2025\/12\/Capture-decran-2025-12-13-a-22.57.04-768x437.png 768w, https:\/\/bovolley.com\/site1\/wp-content\/uploads\/2025\/12\/Capture-decran-2025-12-13-a-22.57.04-1536x875.png 1536w, https:\/\/bovolley.com\/site1\/wp-content\/uploads\/2025\/12\/Capture-decran-2025-12-13-a-22.57.04-2048x1167.png 2048w\" sizes=\"auto, (max-width: 1024px) 100vw, 1024px\" \/><\/figure>\n\n\n\n<figure class=\"wp-block-image size-large\"><img loading=\"lazy\" decoding=\"async\" width=\"1024\" height=\"497\" src=\"https:\/\/bovolley.com\/site1\/wp-content\/uploads\/2025\/12\/Capture-decran-2025-12-13-a-22.57.25-1024x497.png\" alt=\"\" class=\"wp-image-1480\" srcset=\"https:\/\/bovolley.com\/site1\/wp-content\/uploads\/2025\/12\/Capture-decran-2025-12-13-a-22.57.25-1024x497.png 1024w, https:\/\/bovolley.com\/site1\/wp-content\/uploads\/2025\/12\/Capture-decran-2025-12-13-a-22.57.25-300x146.png 300w, https:\/\/bovolley.com\/site1\/wp-content\/uploads\/2025\/12\/Capture-decran-2025-12-13-a-22.57.25-768x373.png 768w, https:\/\/bovolley.com\/site1\/wp-content\/uploads\/2025\/12\/Capture-decran-2025-12-13-a-22.57.25-1536x745.png 1536w, https:\/\/bovolley.com\/site1\/wp-content\/uploads\/2025\/12\/Capture-decran-2025-12-13-a-22.57.25-2048x993.png 2048w\" sizes=\"auto, (max-width: 1024px) 100vw, 1024px\" \/><\/figure>\n\n\n\n<figure class=\"wp-block-image size-large\"><img loading=\"lazy\" decoding=\"async\" width=\"1024\" height=\"601\" src=\"https:\/\/bovolley.com\/site1\/wp-content\/uploads\/2025\/12\/Capture-decran-2025-12-13-a-22.57.44-1024x601.png\" alt=\"\" class=\"wp-image-1481\" srcset=\"https:\/\/bovolley.com\/site1\/wp-content\/uploads\/2025\/12\/Capture-decran-2025-12-13-a-22.57.44-1024x601.png 1024w, https:\/\/bovolley.com\/site1\/wp-content\/uploads\/2025\/12\/Capture-decran-2025-12-13-a-22.57.44-300x176.png 300w, https:\/\/bovolley.com\/site1\/wp-content\/uploads\/2025\/12\/Capture-decran-2025-12-13-a-22.57.44-768x451.png 768w, https:\/\/bovolley.com\/site1\/wp-content\/uploads\/2025\/12\/Capture-decran-2025-12-13-a-22.57.44-1536x901.png 1536w, https:\/\/bovolley.com\/site1\/wp-content\/uploads\/2025\/12\/Capture-decran-2025-12-13-a-22.57.44-2048x1202.png 2048w\" sizes=\"auto, (max-width: 1024px) 100vw, 1024px\" \/><\/figure>\n","protected":false},"excerpt":{"rendered":"<p>Bienvenue sur la Boutique du BOVOLLEY. Choisissez vos produits puis cliquez sur commander pour choisir votre taille (Hommes : De XS \u00e0 4XL ; Femmes : De XS \u00e0 2XL ; Enfants de 4 \u00e0 14 ans) Merci \u00e0 notre photographe @Baptmalle de notre \u00e9quipe fanion, nos mod\u00e8les M18 : Miassa et Jules pour leur&hellip;&nbsp;<a href=\"https:\/\/bovolley.com\/site1\/index.php\/boutique-club\/\" rel=\"bookmark\"><span class=\"screen-reader-text\">Boutique Club<\/span><\/a><\/p>\n","protected":false},"author":7,"featured_media":0,"parent":0,"menu_order":0,"comment_status":"closed","ping_status":"closed","template":"","meta":{"neve_meta_sidebar":"","neve_meta_container":"","neve_meta_enable_content_width":"","neve_meta_content_width":0,"neve_meta_title_alignment":"","neve_meta_author_avatar":"","neve_post_elements_order":"","neve_meta_disable_header":"","neve_meta_disable_footer":"","neve_meta_disable_title":"","footnotes":""},"class_list":["post-1457","page","type-page","status-publish","hentry"],"_links":{"self":[{"href":"https:\/\/bovolley.com\/site1\/index.php\/wp-json\/wp\/v2\/pages\/1457","targetHints":{"allow":["GET"]}}],"collection":[{"href":"https:\/\/bovolley.com\/site1\/index.php\/wp-json\/wp\/v2\/pages"}],"about":[{"href":"https:\/\/bovolley.com\/site1\/index.php\/wp-json\/wp\/v2\/types\/page"}],"author":[{"embeddable":true,"href":"https:\/\/bovolley.com\/site1\/index.php\/wp-json\/wp\/v2\/users\/7"}],"replies":[{"embeddable":true,"href":"https:\/\/bovolley.com\/site1\/index.php\/wp-json\/wp\/v2\/comments?post=1457"}],"version-history":[{"count":16,"href":"https:\/\/bovolley.com\/site1\/index.php\/wp-json\/wp\/v2\/pages\/1457\/revisions"}],"predecessor-version":[{"id":1575,"href":"https:\/\/bovolley.com\/site1\/index.php\/wp-json\/wp\/v2\/pages\/1457\/revisions\/1575"}],"wp:attachment":[{"href":"https:\/\/bovolley.com\/site1\/index.php\/wp-json\/wp\/v2\/media?parent=1457"}],"curies":[{"name":"wp","href":"https:\/\/api.w.org\/{rel}","templated":true}]}}